 - 684. What is the tens digit of x?
6
Let n(d) = d**3 - 2*d**2 - 2. Let l be n(3). Let s = 12 - l. Let f = s + -3. What is the units digit of f?
2
Let h = 4 + -6. Suppose 2*r - 17 = w, -2*w - 4*r = 2 - 0. Let a = h - w. What is the units digit of a?
7
Let y(d) = d**3 + 14*d**2 + 13*d + 7. Let r be y(-13). Let i(o) = 2*o - 3. What is the tens digit of i(r)?
1
Let k be (-16)/3 - (-4)/(-6). Let z(n) = -5*n - 8. What is the tens digit of z(k)?
2
Let f be (1/3)/(3/342). Suppose f = 3*z - n, z + 36 = 2*z - 5*n. What is the units digit of z?
1
Let a be -2 + 5 - (-2 + 0). Let o = a - 4. What is the units digit of o?
1
Let z = 42 - 13. What is the tens digit of z?
2
Suppose 0 = -x - 2*v + 13, 4*v - 6 = -x + 13. Let w = x - 2. What is the units digit of w?
5
Let s(u) = u. What is the units digit of s(6)?
6
Let z(p) = 5*p**2 - 4*p - 1. Let a(k) = -9*k**2 + 8*k + 1. Let r(w) = -4*a(w) - 7*z(w). Let g be r(2). Let u = 0 - g. What is the units digit of u?
1
Let u(x) be the second derivative of -1/2*x**2 + 0 + 1/6*x**3 - x. What is the units digit of u(3)?
2
Let n(z) = -z**3 + 7*z**2 + 7*z + 1. Let o be n(7). Let q = o - 24. What is the tens digit of q?
2
Suppose -5*d = z - 3*z + 26, 6 = -2*z - 3*d. Suppose -b + 100 = z*b. What is the units digit of b?
5
Suppose -3*v - 5*l + 10*l + 109 = 0, -v + 4*l = -41. What is the units digit of v?
3
Let z(b) = 2*b**3 - 2*b**2 - 10*b + 2. What is the units digit of z(6)?
2
Let j = 11 - 4. Let q(o) = -4*o**2 - 6*o - 15. Let s(m) = m**2 + 1. Let l(z) = -q(z) - 5*s(z). What is the units digit of l(j)?
3
Let s(d) = -d**3 + 2*d**2 - 4*d + 6. Let q(t) = -t**3 + t**2 - 3*t + 6. Let r(k) = -6*q(k) + 5*s(k). What is the units digit of r(-4)?
2
Let k = -22 + 46. What is the tens digit of k?
2
Let n be 106/(-9) + (-4)/18. Let s be -1 - (-1 - -2) - -21. Let o = n + s. What is the units digit of o?
7
Let j = 123 - 84. Suppose -y + j = 2*y. What is the units digit of y?
3
Let b(a) = -a**3 + 3*a**2. Let z be b(2). Suppose 0 = -0*d + d - z. Suppose -5*l - 2*m = -39, -2*l + d*m - 3*m = -12. What is the units digit of l?
7
Let z = 15 - 12. Suppose 111 = z*s + 18. What is the units digit of s?
1
Suppose -o - 5*p + 0 = -5, -5 = -o - p. Suppose 0*k - 52 = -o*b + 2*k, -2*k - 42 = -4*b. What is the units digit of b?
0
Suppose -5*s + 3*v + 371 = 2*v, 227 = 3*s - 5*v. What is the units digit of s?
4
Let x be 4/(-2) - -12 - 2. Let g(y) = 6*y - 9. What is the tens digit of g(x)?
3
Let d = -134 + 244. What is the hundreds digit of d?
1
Let u(c) = 2*c**2 + 4. Let f be u(3). Let i = f - 8. What is the tens digit of i?
1
Suppose -f = -5*m - 211, -3*m + 6*m - 844 = -4*f. What is the tens digit of f?
1
Let c(b) = 2*b**3 - 43*b**2 + 26*b + 23. What is the tens digit of c(21)?
2
Let l be 2/(-5) + 72/(-20). Let n = 6 + l. Suppose 0 = -4*w + 62 - n. What is the tens digit of w?
1
Suppose -2*g + 5*g + 5*j + 1 = 0, 3*g + 3*j = 9. Let u = g + -5. What is the units digit of u?
3
Let h(i) = -i**3 - i**2 - 2. Let j be h(-2). What is the tens digit of (4/j)/(6/63)?
2
Let z(b) = -b - 7. Let c be z(-5). What is the units digit of 1/c - 19/(-2)?
9
Let y = -9 + 51. What is the tens digit of y?
4
Suppose 3*x + 14 = 5*x + 3*o, -4*x + 16 = 3*o. What is the tens digit of 24/x*1 - -3?
2
Let g be -1*3*(0 + -1). Suppose 0 = g*v + v - 60. What is the units digit of v?
5
Suppose -1279 - 81 = -5*q. What is the tens digit of q?
7
Suppose -3*o - 5 - 1 = 0. Let a = o - -6. Suppose -5*f = 5*l - 35, -l + a*f = 9 + 4. What is the units digit of l?
3
Let p be -2*(-3 - 28/(-8)). What is the units digit of -13*(0 + -1 + p)?
6
Let c(j) = -j**3 + 10*j**2 + j + 9. What is the tens digit of c(10)?
1
Suppose 3*o = 4*j + 1, 3*o - 20 = -o - 4*j. Suppose b = o*b - 26. What is the tens digit of b?
1
Let z(i) = -i**2 - 14*i - 1. What is the units digit of z(-9)?
4
Let u(j) = 28*j**3 + j**2 - j + 1. Let t be 6 + -3 - 2 - 0. What is the tens digit of u(t)?
2
Let c = -10 - -15. Suppose -c*v - 7 = -2. What is the units digit of (v/3)/((-3)/27)?
3
Let u(x) = -15*x - 13. What is the tens digit of u(-3)?
3
Let l be 20/6 - 3/9. Suppose -l*b - 1 = -4. What is the units digit of b?
1
Let h(z) = -26*z + 25. What is the hundreds digit of h(-4)?
1
Suppose 2*a + 0*a - 171 = 5*n, 0 = -2*n + 2*a - 72. Suppose -2*b - 21 = q + 24, -4*b = 3*q + 139. Let r = n - q. What is the units digit of r?
6
Let d(r) = 2*r**2 - 7*r + 2. What is the hundreds digit of d(-6)?
1
Suppose 0 = -5*x - 16 - 4. Let q(h) be the second derivative of -h**4/12 - 7*h**3/6 - 5*h**2/2 + h. What is the units digit of q(x)?
7
Suppose 2*o + 33 = 3*o. What is the units digit of o?
3
Let g = 213 + -119. What is the tens digit of g?
9
Let p(y) = -y**2 - 7*y - 6. Let d be (-1)/(-5) + 78/(-15). Let c = d - -1. What is the units digit of p(c)?
6
Let v = -10 - -4. What is the units digit of ((-4)/v + -4)*-9?
0
Let a = 3 - -11. What is the tens digit of a?
1
Let k = 98 - 0. What is the units digit of k?
8
Let v(a) be the first derivative of a**4/4 - a**3 + 2*a**2 + 7. What is the units digit of v(3)?
2
Let r(h) = -2*h - 10. Suppose -19 + 5 = 2*d. What is the units digit of r(d)?
4
Suppose d = -d + 30. Let v = d - 4. What is the tens digit of v?
1
Let o be (4/2)/(1 - 2). Suppose -3*j = -3 - 0. What is the units digit of ((-4)/(-2) - o) + j?
5
Let l = 2 + 4. Suppose t + 2*t = l. What is the units digit of t?
2
Suppose -4*l - 3 + 15 = 0. Suppose -h + 4 - 1 = p, 0 = -l*p + 6. What is the units digit of h?
1
Suppose 4*q - 6 = 10. Suppose -q*f = -44 - 20. Suppose 0 = -2*c, 2*m = 3*c + 2*c + f. What is the units digit of m?
8
Suppose 0 = 4*z + 2*y - 210, -3*z + 7*z + 3*y = 215. Suppose 3*t - t - z = 0. What is the tens digit of t?
2
Let p(h) = 13*h**2 - h - 5. What is the hundreds digit of p(3)?
1
Suppose 0*p = 3*p - 39. What is the units digit of p?
3
Let k = -4 - 8. Let c = k - -7. What is the units digit of c/2*(-4)/5?
2
Suppose 0 = -3*j - 4*f + 211 + 66, 5 = 5*f. What is the units digit of j?
1
Let u = -9 - -7. Let d(c) = 7*c**3 + 8*c**2 + 8*c + 7. Let q(m) = -13*m**3 - 15*m**2 - 15*m - 13. Let h(w) = 11*d(w) + 6*q(w). What is the units digit of h(u)?
3
Let m be ((-1)/(-1))/((-4)/(-20)). Suppose -l + m*l - 48 = 0. What is the units digit of l?
2
Let z(p) = -p - 8. What is the units digit of z(-11)?
3
Suppose 0*i = -3*i + 924. What is the units digit of (-3)/(-2)*i/33?
4
Let d(y) = -y + 7. Let w be d(6). Let p be (-1 - w)/((-14)/7). Suppose 0 = 5*n + 3*o - 10, -n + 3*o + 1 = -p. What is the units digit of n?
2
What is the units digit of 5*(-28)/(-35)*18/8?
9
Suppose -7*b + 2*b = -3*d + 6, -5*d - 4*b = 27. Let y = d - -11. What is the units digit of y?
8
Suppose -4*z + 165 = 5*g, -4*z + 2*z + 27 = g. Suppose 27 = 5*n + u + 3*u, -5*n + g = -u. Let b(i) = -i**3 + 8*i**2 - 6*i - 5. What is the units digit of b(n)?
2
Suppose 3*w - 30 = -0*w. What is the units digit of ((-12)/w)/((-3)/15)?
6
Suppose -4*d + 4*r = 4, -2*d + 13 + 5 = 2*r. Suppose 10 = a - 4*x, 3*a - 44 - d = 3*x. Let p = 27 - a. What is the units digit of p?
9
Let l(k) = k**3 + 7*k**2 - 3*k + 11. What is the units digit of l(-7)?
2
Suppose -3*u = 4*a + 14 - 69, 0 = 5*a - 3*u - 35. What is the tens digit of a?
1
Suppose j = 4*j. Suppose -5*w = -j*w - 60. Suppose -3*f + 12 = -w. What is the units digit of f?
8
Let y be (3 - 2)*0 - -1. Let d = y + 24. What is the units digit of d?
5
Let v = 58 - 4. What is the units digit of v?
4
Let h(t) = -40*t + 2. Let y be h(2). What is the units digit of 2/(3*(-4)/y)?
3
Suppose 6*r + 576 = 9*r. What is the units digit of r?
2
Suppose 2*u - 4 = -0*u. Suppose -u*s - 105 = -5*s. What is the tens digit of s?
3
Suppose m + 9*h - 26 = 4*h, h = -2*m + 7. Suppose r - m = 38. What is the units digit of r?
9
What is the units digit of 5/((-15)/(-36))*5?
0
Let x be (0/(2/(-1)))/2. Suppose -3 = -q - x. Suppose 30 = 3*p - q. What is the units digit of p?
1
Let u(b) = -2*b + 6 + 2 + b + 0*b. Let t be u(0). Suppose 0 = -t*r + 3*r + 65. What is the tens digit of r?
1
Suppose u + 2*z = -z + 116, -2*u + 232 = 5*z. What is the units digit of u?
6
Suppose -2*f - 63 + 175 = 0. What is the tens digit of f?
5
What is the units digit of 4 + 2*(-86)/(-4)?
7
Suppose 0*n = 7*n - 189. What is the tens digit of n?
2
Let f(u) = -5*u**2 + u. Let a be f(-1). Let s(y) = -5*y - 12. What is the